nder when o is divided by 29?
25
Let a be ((-3)/(-5))/(3/30). Let v = -1999 + 2004. Suppose -f + 4 = 2*f + v*y, 3*y = f - a. Calculate the remainder when 17 is divided by f.
2
Let h(r) = -34*r + 57. Calculate the remainder when 3216 is divided by h(1).
19
Suppose 102*r - 110*r + 2576 = 0. Suppose r = -n + 347. Let g = 295 + -204. What is the remainder when g is divided by n?
16
Suppose -2*f - 2852 = -3*b, -10*f + 9*f - 4765 = -5*b. What is the remainder when b is divided by 64?
58
Let y be ((-9)/12)/(8/64). What is the remainder when 288 is divided by 58/(y*(-1)/3)?
27
Suppose -5*t + 2*p + 160 = 0, -93 = -2*t + 2*p - 7*p. Let x(m) = -6397*m + 44789. Calculate the remainder when t is divided by x(7).
4
Let g(k) = k**3 + 9*k**2 - 11*k - 4. Let d be g(-10). Let i be -152 + d/(-3)*-1. What is the remainder when 95 is divided by ((-2)/3)/(4/i)?
20
Let c(l) = 54 + 21*l - 69*l**2 - 24*l**3 + 23*l**3 + 48*l**2. Calculate the remainder when c(-22) is divided by 16.
12
Suppose -3*l - 202 = -2*h, -2*h = 8*l - 13*l - 210. Suppose -4*t - 120 = -9*t. Calculate the remainder when h is divided by t.
23
Let h = -5 + 13. Let v be (-37 + -255)*(1 + -2). Let m = 322 - v. Calculate the remainder when m is divided by h.
6
Let m = 58 - 41. Let l(q) be the first derivative of -q**4/4 + 6*q**3 - 13*q**2/2 + 17*q - 120. Calculate the remainder when l(m) is divided by 11.
8
Let q(z) be the second derivative of z**4/12 + 5*z**3/3 + 5*z**2 + z + 83. Calculate the remainder when q(12) is divided by 55.
54
Suppose b + 0*b = 4, -12 = -2*k - 4*b. Let l be 6/(-9)*k*(-6)/(-4). Calculate the remainder when 21 + l/2*1 is divided by 6.
4
Suppose -5*i + 4072 = 4*u, -102 = -3*u - 2*i + 2952. Calculate the remainder when u is divided by -2 + 28 - (-288)/(-27)*24/(-32).
32
Let v(x) = -11*x + 172. Let h be v(7). Suppose -93*k + h*k = 8. What is the remainder when 134 is divided by k?
2
Let j be 4*-1 + -4 + 11 - -13. Suppose -3*g - g = j, 0 = -2*m - 3*g + 20. What is the remainder when m is divided by 14?
2
Let p = 36 + -10. Suppose -5*m + 136 = p. Suppose s + m - 49 = 0. Calculate the remainder when 187 is divided by s.
25
Let p(c) = -5 + 4 + 2*c**2 + 30 - 20*c. Calculate the remainder when 84 is divided by p(10).
26
Suppose 5*q = 2*m + 1816 - 33, 3*m = 4*q - 1432. Calculate the remainder when q is divided by 343.
12
Let g(r) = -10*r**3 + 4*r. Let k be g(2). Let v = k - -174. What is the remainder when v is divided by 3/15 - 416/(-20)?
18
Let j = -488 - -732. Let f = j - 131. Calculate the remainder when f is divided by (32/48)/((-4)/(-174)).
26
Calculate the remainder when 360 is divided by 1275/(-30)*(-90)/75.
3
Let j = -2740 - -2858. What is the remainder when j is divided by 63?
55
Suppose -6239*p + 3*t = -6234*p - 120, -4*t = p + 22. Calculate the remainder when (-1 + -133)*(-3)/6 is divided by p.
13
Let j(t) = -t**2 - 52*t - 85. Suppose 0 = -6*u + 5*u - 45. Calculate the remainder when j(u) is divided by 2.
0
Let m(p) = 7*p**3 + 3*p**2 - 2*p - 14. Let r = -14 + 28. What is the remainder when m(2) is divided by r?
8
Let w(a) = -a**2 - 20*a - 41. What is the remainder when 542 is divided by w(-8)?
47
Suppose 0*x = 3*x - 162. Let n = x + -43. Suppose n*l - 8*l - 303 = 0. Calculate the remainder when l is divided by 35.
31
Let a = -9120 + 9229. Calculate the remainder when a is divided by 36.
1
Suppose -41*j + 1476 = -8077. Calculate the remainder when 1177 is divided by j.
12
Suppose 3*s = 3*z + 30, 33 + 7 = 4*s + z. Let t = -129911 - -129996. What is the remainder when t is divided by s?
5
Let o(p) = p**2 + 16*p + 57. Let j = -114 + 98. Calculate the remainder when o(j) is divided by 15.
12
Suppose 0 = 3*u - 2*u - 17. Suppose -5*f - 2*f = -77. Let j(o) = 5*o**2 - 53*o - 12. Calculate the remainder when u is divided by j(f).
7
Suppose 5*g + 3*i = 102, -g + 3*i + 6 = -0*i. Suppose -5*w = s - 4 - g, 4*w = 4*s - 16. Let p(x) = x + 5. What is the remainder when 107 is divided by p(s)?
11
Calculate the remainder when 428 is divided by (102/12 - 9)*-114.
29
Suppose -3*x + 894 = 3*v, 0 = -x - v - 2*v + 304. What is the remainder when x is divided by (25 + 2)*(-3666)/(-1269)?
61
Let j(i) = 2*i**2 + i + 8. Let o be j(-7). Suppose 5*w + 2*h = 179, -w - 4*h + o = 2*w. Calculate the remainder when w is divided by 12/42 - 534/(-42).
11
Suppose 0 = -3*a - 5*c + 1776, -1776 = -3*a - 14*c + 10*c. What is the remainder when a is divided by 7?
4
Let w(k) = -7*k + 5. Let a be w(0). Suppose -a*x + 3*h - 74 = 0, -2*x = -4*x + 4*h - 24. Calculate the remainder when 49 is divided by ((-76)/6)/(x/24).
11
Let x(p) = -4*p**2 - 4. Let j be x(-3). Let n = -17100 - -17157. Let b = j + n. What is the remainder when b is divided by 5?
2
Let u = -44 + 89. Let l = 210 + -189. What is the remainder when u is divided by 2 - -16 - (-147)/l?
20
Let z(u) = -46*u**3 + u + 1. Suppose -y + 5*o = -220, -5*y - 4*o = -638 - 375. Suppose -32 = -207*s + y*s. Calculate the remainder when z(-1) is divided by s.
14
Let u be -3 + (186 - -4) + 1. Let w = -163 + u. What is the remainder when w is divided by 17?
8
Let k = 501 - 285. Suppose k = 4*n + 52. What is the remainder when 119 is divided by n?
37
Let m be 70/12 - 25/(-150). Let d(b) = -b**3 + 8*b**2 + 5*b - 13. Calculate the remainder when d(m) is divided by 15.
14
Suppose 0 = 3*q - 4*j - 511, -84*q + 5*j = -80*q - 682. Calculate the remainder when q is divided by 45.
38
Suppose -4*g - 3*g + 35 = 0. Let f(q) = 2*q**3 + 1 - g*q**3 + 7*q**2 + 15 + 2*q**3. Calculate the remainder when f(6) is divided by 18.
16
Let y(l) = 2*l**2 - 6*l + 2. Let j be y(4). Suppose -2*p = j - 14. What is the remainder when 31 is divided by ((-21)/(-28))/(p + (-31)/16)?
7
Let g(d) = -4*d**2 + 251*d + 43. Calculate the remainder when 1072 is divided by g(0).
40
Let f = 106 + 878. Suppose -430 = -2*c + 4*r + 92, -4*c - 4*r + f = 0. What is the remainder when c is divided by 15?
11
Let p(q) = -15*q**2 - 763*q - 116. What is the remainder when p(-50) is divided by 93?
69
Suppose -w + 1125 = 2*m, -9*w + 1123 = -8*w + 3*m. Suppose 4*d - 2*a - 534 = 0, -4*a = -5*d - 463 + w. Calculate the remainder when d is divided by 5.
4
Suppose -4*k + 6*y = -9*k + 3281, -2*y = k - 657. Calculate the remainder when k is divided by 319.
17
Let v(c) = -484*c + 5523. Calculate the remainder when v(10) is divided by 99.
89
Suppose -2*a + 3*l + 4 = -l, 3*l + 3 = 2*a. Suppose 6*s - 6 + 30 = a. What is the remainder when 109 is divided by (s/18)/(-1) + (-1655)/(-45)?
35
Suppose 0 = -26*d + 10*d + 2192. What is the remainder when d is divided by 48?
41
What is the remainder when 60 is divided by 5*((-4)/(-36)*0 + 4)?
0
Let t(r) = r**2 - 8*r - 1. Suppose 0 = 5*u - 2*a - 140, 0 = -3*u - 5*a + 15 + 38. Suppose -6 = -2*n - u. Calculate the remainder when t(n) is divided by 26.
23
Suppose 327 = 13*d - 362 - 169. What is the remainder when 760 is divided by d?
34
Let w be (-28)/6*18/(-21). Suppose 3*h + 34 = w*h - 3*q, -3 = -q. Let p = 69 - h. What is the remainder when p is divided by 9?
8
Suppose 0 = 4*m - s - 370, -2*s - 21 - 82 = -m. Calculate the remainder when 2216 is divided by m.
32
Let q be 2/8 - 187/(-4). Let y = 66 - q. Calculate the remainder when y is divided by 4/10*-2*-15.
7
Let z(g) = g**2 - 28*g + 209. Suppose 21*k - 74 = 157. What is the remainder when z(17) is divided by k?
0
What is the remainder when (-4)/6 - -12*(-73)/(-18) is divided by 8?
0
Suppose 0 = 2*s - 4*j + 3 - 27, s + 5*j - 12 = 0. Let a = 22 + 23. What is the remainder when a is divided by s?
9
Let v = 14683 + -14564. Calculate the remainder when 25821 is divided by v.
117
Let s(h) = -4*h - 54. Let f be s(-14). Suppose 2*b - 406 = 5*b - f*a, 4*b + 533 = a. Calculate the remainder when 13 is divided by (b/(-55))/(-1 + (-14)/(-10)).
1
Let p be -65 - 6/(-8)*4. Let t = -55 - p. Calculate the remainder when 32 is divided by t.
4
Let s = 8368 - 8237. Calculate the remainder when 328 is divided by s.
66
Let v = -51 + 55. Suppose -4*j = v*a - 1380, -2*j - 1035 = -3*a - 0*j. What is the remainder when a is divided by 58?
55
Suppose -59 = 4*u + 29. Let n = -14 - u. Let b = 59 - 21. Calculate the remainder when b is divided by n.
6
Suppose 25 = 2*k - 2*v - 19, 0 = -4*v + 12. Suppose -k - 1 = -2*b. Suppose 2*j = b + 125. Calculate the remainder when j is divid